en 7222 is divided by 17.
14
What is the remainder when 71282 is divided by 387?
74
What is the remainder when 19309 is divided by 623?
619
Calculate the remainder when 34534 is divided by 8628.
22
What is the remainder when 4532 is divided by 1484?
80
What is the remainder when 174927 is divided by 65?
12
Calculate the remainder when 421 is divided by 58.
15
Calculate the remainder when 191 is divided by 131.
60
Calculate the remainder when 210390 is divided by 7.
5
Calculate the remainder when 532577 is divided by 634.
17
Calculate the remainder when 98637 is divided by 1176.
1029
What is the remainder when 6437 is divided by 271?
204
What is the remainder when 9243 is divided by 29?
21
What is the remainder when 3852 is divided by 956?
28
What is the remainder when 5597 is divided by 5379?
218
Calculate the remainder when 6308 is divided by 947.
626
Calculate the remainder when 3192 is divided by 1053.
33
Calculate the remainder when 190730 is divided by 218.
198
What is the remainder when 25299 is divided by 703?
694
Calculate the remainder when 18161 is divided by 89.
5
Calculate the remainder when 1211 is divided by 174.
167
Calculate the remainder when 15097004 is divided by 281.
279
What is the remainder when 3029 is divided by 138?
131
Calculate the remainder when 1722742 is divided by 284.
282
Calculate the remainder when 4410 is divided by 54.
36
What is the remainder when 232351 is divided by 9?
7
Calculate the remainder when 991931 is divided by 64.
59
What is the remainder when 361 is divided by 101?
58
Calculate the remainder when 16190 is divided by 21.
20
Calculate the remainder when 1473 is divided by 472.
57
Calculate the remainder when 6063 is divided by 608.
591
Calculate the remainder when 45717 is divided by 22845.
27
What is the remainder when 34394 is divided by 8598?
2
Calculate the remainder when 634 is divided by 141.
70
Calculate the remainder when 1744 is divided by 249.
1
What is the remainder when 13859 is divided by 2617?
774
Calculate the remainder when 36559 is divided by 1922.
41
Calculate the remainder when 63614 is divided by 16.
14
Calculate the remainder when 247685 is divided by 29.
25
What is the remainder when 9661 is divided by 3667?
2327
What is the remainder when 1159 is divided by 49?
32
Calculate the remainder when 688 is divided by 551.
137
What is the remainder when 1525 is divided by 287?
90
Calculate the remainder when 2534 is divided by 362.
0
Calculate the remainder when 45267 is divided by 106.
5
Calculate the remainder when 2103 is divided by 883.
337
What is the remainder when 15913 is divided by 292?
145
What is the remainder when 3528 is divided by 535?
318
What is the remainder when 4232 is divided by 1637?
958
What is the remainder when 1359 is divided by 51?
33
What is the remainder when 44722 is divided by 14860?
142
Calculate the remainder when 1496 is divided by 454.
134
Calculate the remainder when 23924 is divided by 147.
110
Calculate the remainder when 3465 is divided by 1725.
15
Calculate the remainder when 20070 is divided by 25.
20
Calculate the remainder when 581 is divided by 291.
290
What is the remainder when 49207 is divided by 14?
11
What is the remainder when 21023 is divided by 781?
717
What is the remainder when 130491 is divided by 78?
75
Calculate the remainder when 91947 is divided by 15.
12
What is the remainder when 88401 is divided by 511?
509
What is the remainder when 113921 is divided by 1003?
582
Calculate the remainder when 55311 is divided by 65.
61
Calculate the remainder when 2153 is divided by 2098.
55
What is the remainder when 389 is divided by 69?
44
Calculate the remainder when 3640 is divided by 256.
56
Calculate the remainder when 126711 is divided by 49.
46
Calculate the remainder when 5772 is divided by 15.
12
Calculate the remainder when 244688 is divided by 40780.
8
Calculate the remainder when 6500 is divided by 362.
346
What is the remainder when 347913 is divided by 474?
471
What is the remainder when 150 is divided by 15?
0
Calculate the remainder when 1385 is divided by 451.
32
What is the remainder when 20877 is divided by 12?
9
Calculate the remainder when 46699 is divided by 19.
16
What is the remainder when 208848 is divided by 16065?
3
Calculate the remainder when 145217 is divided by 53.
50
What is the remainder when 308161 is divided by 739?
737
What is the remainder when 46726 is divided by 11?
9
What is the remainder when 7266 is divided by 291?
282
Calculate the remainder when 28646 is divided by 166.
94
What is the remainder when 7675 is divided by 3823?
29
Calculate the remainder when 17089 is divided by 1199.
303
What is the remainder when 2624 is divided by 206?
152
Calculate the remainder when 10438 is divided by 10422.
16
What is the remainder when 1318 is divided by 41?
6
What is the remainder when 49161 is divided by 62?
57
What is the remainder when 1887 is divided by 267?
18
What is the remainder when 8925 is divided by 470?
465
Calculate the remainder when 44041 is divided by 2205.
2146
Calculate the remainder when 2463476 is divided by 54.
50
What is the remainder when 14993 is divided by 658?
517
Calculate the remainder when 2415 is divided by 14.
7
Calculate the remainder when 107264 is divided by 4.
0
What is the remainder when 16929 is divided by 890?
19
What is the remainder when 1342 is divided by 445?
7
Calculate the remainder when 3066 is divided by 13.
11
Calculate the remainder when 133917 is divided by 8.
5
What is the remainder when 10249 is divided by 3376?
121
What is the remainder when 625321 is divided by 55?
26
What is the remainder when 89497 is divided by 22?
1
Calculate the remainder when 17452 is divided by 15.
7
Calculate the remainder when 7492 is divided by 831.
13
Calculate the remainder when 91692 is divided by 171.
36
What is the remainder when 24953 is divided by 17?
14
Calculate the remainder when 8412 is divided by 100.
12
What is the remainder when 972 is divided by 966?
6
What is the remainder when 19774 is divided by 4922?
86
What is the remainder when 7290 is divided by 76?
70
Calculate the remainder when 5440 is divided by 400.
240
What is the remainder when 5996 is divided by 191?
75
Calculate the remainder when 21340 is divided by 148.
28
Calculate the remainder when 584 is divided by 285.
14
What is the remainder when 48861 is divided by 142?
13
What is the remainder when 47061 is divided by 46997?
64
What is the remainder when 2563 is divided by 99?
88
What is the remainder when 1199 is divided by 68?
43
Calculate the remainder when 13004 is divided by 23.
9
What is the remainder when 363224 is divided by 31?
28
What is the remainder when 11132 is divided by 33?
11
What is the remainder when 10339 is divided by 1476?
7
Calculate the remainder when 5665 is divided by 462.
121
What is the remainder when 178603 is divided by 16?
11
What is the remainder when 3150 is divided by 2366?
784
Calculate the remainder when 3813 is divided by 638.
623
Calculate the remainder when 474 is divided by 234.
6
Calculate the remainder when 8072 is divided by 3967.
138
Calculate the remainder when 13069 is divided by 4275.
244
Calculate the remainder when 2002476 is divided by 27.
21
What is the remainder when 2568 is divided by 30?
18
What is the remainder when 10340 is divided by 701?
526
What is the remainder when 76678 is divided by 72?
70
What is the remainder when 145189 is divided by 145165?
24
Calculate the remainder when 13070 is divided by 3212.
222
Calculate the remainder when 359823 is divided by 49.
16
What is the remainder when 21377 is divided by 5257?
349
What is the remainder when 54988 is divided by 78?
76
Calculate the remainder when 12702 is divided by 577.
8
Calculate the remainder when 22946 is divided by 58.
36
Calculate the remainder when 16001 is divided by 127.
126
Calculate the remainder when 36128 is divided by 238.
190
What is the remainder when 1970171 is divided by 64?
59
What is the remainder when 4212 is divided by 134?
58
Calculate the remainder when 81909 is divided by 14.
9
Calculate the remainder when 2807020 is divided by 359.
358
Calculate the remainder when 132120 is divided by 339.
249
Calculate the remainder when 2175 is divided by 607.
354
Calcula